e 5.
-423210
What is 811 (base 11) in base 8?
1724
What is 11000011 (base 2) in base 11?
168
What is -133 (base 10) in base 5?
-1013
What is 232204 (base 6) in base 12?
b664
What is -730 (base 9) in base 5?
-4334
Convert 11324 (base 7) to base 12.
1825
4bb3 (base 14) to base 11
9a91
41572 (base 8) to base 14
641c
Convert 1564 (base 9) to base 15.
547
Convert 237 (base 15) to base 10.
502
Convert 11543 (base 8) to base 3.
20210211
What is -10821 (base 11) in base 14?
-59a8
-13222 (base 6) to base 2
-11111101110
What is 10210211 (base 3) in base 9?
3724
1011011110010101 (base 2) to base 9
71418
Convert 27b (base 13) to base 5.
3230
-1221 (base 6) to base 11
-254
What is -b824 (base 13) in base 3?
-1022001021
Convert -111000111101 (base 2) to base 16.
-e3d
Convert -4035 (base 10) to base 5.
-112120
Convert 4665 (base 7) to base 8.
3261
-36165 (base 8) to base 11
-106a0
What is -1123 (base 4) in base 12?
-77
-134040 (base 7) to base 2
-110001101000010
-1003300 (base 4) to base 5
-114321
What is -47835 (base 10) in base 11?
-32a37
What is -103000 (base 6) in base 16?
-20e8
What is 5769 (base 10) in base 16?
1689
16a (base 12) to base 3
22101
Convert -23112213 (base 4) to base 6.
-555143
What is -231213 (base 4) in base 10?
-2919
-10000101101001 (base 2) to base 15
-2803
What is 258d (base 14) in base 9?
10035
-9452 (base 10) to base 9
-13862
Convert 1552 (base 11) to base 12.
11a1
Convert a11 (base 11) to base 12.
85a
What is -7714 (base 11) in base 14?
-39d1
Convert 11100000101001 (base 2) to base 5.
430002
Convert -15 (base 15) to base 6.
-32
4330 (base 5) to base 7
1502
3422 (base 5) to base 9
601
What is -21364 (base 10) in base 6?
-242524
22661 (base 9) to base 15
4731
What is 320234 (base 6) in base 5?
1313024
-2122 (base 7) to base 13
-45a
What is -39e (base 16) in base 9?
-1238
Convert 2220000 (base 3) to base 10.
2106
Convert 430 (base 11) to base 2.
1000000101
What is 101 (base 14) in base 11?
16a
Convert -1135 (base 10) to base 8.
-2157
What is -56d (base 16) in base 12?
-979
-321121 (base 4) to base 15
-114d
Convert 33dd (base 16) to base 11.
9a80
What is 120120 (base 4) in base 8?
3030
Convert -1625 (base 8) to base 12.
-645
What is -764 (base 15) in base 13?
-9b5
-2285 (base 13) to base 2
-1001011101001
-38 (base 13) to base 8
-57
1101002 (base 3) to base 7
2630
-13b79 (base 16) to base 5
-10041021
What is 44a2 (base 14) in base 9?
17284
-83cc (base 14) to base 5
-1211340
-132112 (base 5) to base 16
-14a2
Convert 24453 (base 8) to base 10.
10539
What is 32 (base 13) in base 15?
2b
-284c (base 13) to base 9
-7865
Convert -2421 (base 14) to base 15.
-1d01
Convert 11001021 (base 3) to base 14.
110a
Convert -1110011110 (base 2) to base 8.
-1636
-115114 (base 6) to base 15
-304d
What is 7fc1 (base 16) in base 2?
111111111000001
What is 365 (base 14) in base 10?
677
What is 62232 (base 10) in base 2?
1111001100011000
What is 478f (base 16) in base 15?
5664
421001 (base 5) to base 15
41a1
What is -10100302 (base 4) in base 7?
-101620
What is -12013110 (base 4) in base 12?
-125b0
Convert -1153455 (base 6) to base 11.
-42427
1143 (base 10) to base 7
3222
What is 7b43 (base 16) in base 9?
47251
f9 (base 16) to base 4
3321
3432 (base 5) to base 7
1302
Convert 2577 (base 10) to base 4.
220101
1324 (base 7) to base 15
23d
-11113013 (base 4) to base 3
-1010010022
What is -13024 (base 9) in base 15?
-28ea
Convert 103560 (base 8) to base 3.
1202120011
Convert 347 (base 14) to base 3.
220010
Convert 489 (base 10) to base 6.
2133
Convert -53 (base 15) to base 2.
-1001110
-1111110110101 (base 2) to base 15
-2612
-5c91 (base 14) to base 13
-74b1
What is 130 (base 14) in base 10?
238
-1161 (base 12) to base 9
-2601
Convert 63167 (base 9) to base 4.
22023133
57 (base 8) to base 13
38
d55 (base 14) to base 7
10435
Convert -b433 (base 13) to base 2.
-110000100110101
-c0a (base 14) to base 8
-4472
What is -37a8 (base 15) in base 3?
-121021012
Convert 60b (base 15) to base 13.
809
Convert 2304 (base 6) to base 16.
220
Convert -10a6 (base 15) to base 10.
-3531
What is 47f (base 16) in base 6?
5155
2871 (base 12) to base 16
1255
142 (base 16) to base 11
273
1110100011000 (base 2) to base 3
101012212
Convert 130310 (base 4) to base 14.
95a
Convert 293 (base 14) to base 10.
521
3412 (base 6) to base 10
800
What is -373 (base 8) in base 3?
-100022
What is 1010010101 (base 2) in base 12?
471
What is -12201031 (base 4) in base 11?
-19074
Convert b76 (base 15) to base 12.
15b6
Convert 1202310 (base 4) to base 12.
37b0
What is -3a62 (base 11) in base 3?
-21020020
What is 24663 (base 7) in base 5?
202023
Convert 744 (base 11) to base 10.
895
202022002 (base 3) to base 4
3213032
Convert -623 (base 8) to base 5.
-3103
What is 1001111101 (base 2) in base 9?
777
Convert -487a (base 12) to base 9.
-12164
What is 11110001 (base 2) in base 15?
111
-213 (base 5) to base 4
-322
1a58 (base 12) to base 6
22552
What is -1115 (base 6) in base 12?
-19b
212011 (base 3) to base 11
519
Convert -2042133 (base 5) to base 3.
-1201200212
What is -42 (base 7) in base 2?
-11110
-7431 (base 9) to base 7
-21622
What is 4a39 (base 11) in base 4?
1212300
921 (base 10) to base 3
1021010
Convert -6511 (base 13) to base 6.
-145001
What is -41103 (base 5) in base 6?
-20141
Convert -468 (base 9) to base 7.
-1061
What is 5147 (base 12) in base 15?
2944
Convert 6587 (base 16) to base 10.
25991
What is -13212 (base 4) in base 3?
-200000
-2762 (base 9) to base 8
-4041
Convert 111330 (base 4) to base 7.
4044
What is 67 (base 16) in base 8?
147
What is 1105544 (base 6) in base 5?
3240340
Convert 86 (base 16) to base 7.
251
22222 (base 5) to base 3
2010212
What is -44776 (base 8) in base 10?
-18942
-441 (base 14) to base 5
-11331
Convert -156727 (base 8) to base 6.
-1114531
Convert 211033 (base 5) to base 9.
10557
Convert -212112 (base 3) to base 2.
-1001111011
What is -63b (base 12) in base 16?
-38f
-2120011112 (base 3) to base 14
-14539
11000111110 (base 2) to base 14
822
-b67 (base 15) to base 3
-10112021
Convert 20a (base 13) to base 12.
250
Convert -a36 (base 15) to base 14.
-ba5
What is 40235 (base 6) in base 2?
1010010011111
What is 2c7a (base 15) in base 5?
301230
Convert 37bb (base 13) to base 6.
100412
-2064 (base 11) to base 8
-5254
Convert -21204 (base 5) to base 15.
-654
What is 1111111101010011 (base 2) in base 16?
ff53
Convert -416e (base 16) to base 11.
-11648
Convert 26da (base 16) to base 2.
10011011011010
-122 (base 16) to base 2
-100100010
-220221 (base 3) to base 12
-481
What is 214050 (base 6) in base 5?
1031432
Convert 277 (base 14) to base 9.
612
b1b (base 12) to base 11
1231
Convert -3a61 (base 12) to base 10.
-6697
What is 185 (base 12) in base 14?
137
Convert 379 (base 10) to base 12.
277
Convert -20 (base 5) to base 7.
-13
Convert -33748 (base 9) to base 4.
-11133101
-140320 (base 5) to base 4
-1121032
What is 200122211 (base 3) in base 8?
32443
395 (base 13) to base 14
32d
Convert -3691 (base 11) to base 5.
-123234
17ac (base 15) to base 4
1033320
Convert -1933 (base 11) to base 13.
-116c
Convert -110011 (base 2) to base 14.
-39
Convert -10000010000 (base 2) to base 9.
-1375
Convert -1182 (base 14) to base 7.
-11622
Convert 86 (base 9) to base 14.
58
293 (base 15) to base 14
300
What is -38a5 (base 12) in base 8?
-14475
128c5 (base 13) to base 15
a32d
-a16 (base 14) to base 16
-7bc
-57b8 (base 16) to base 9
-33721
What is 121213 (base 4) in base 16?
667
4037 (base 10) to base 13
1ab7
-236 (base 12) to base 15
-170
What is -3333222 (base 4) in base 9?
-24400
Convert 4202 (base 6) to base 16.
3aa
314143 (base 6) to base 8
61717
Convert 1224 (base 6) to base 10.
304
What is -1333 (base 5) in base 2?
-11011010
Convert -368 (base 9) to base 2.
-100110001
230000 (base 4) to base 7
11132
267 (base 15) to base 6
2311
-68 (base 14) to base 3
-10102
Convert a64 (base 13) to base 4.
123230
198b (base 14) to base 16
1217
-141167 (base 8) to base 4
-30021313
Convert -31 (base 13) to base 10.
-40
Convert 1100011 (base 2) to base 3.
10200
-6c7 (base 13) to base 2
-10010011001
What is -1c5 (base 16) in base 4?
-13011
-11001110001 (base 2) to base 12
-b55
-63 (base 14) to base 8
-127
-3431 (base 6) to base 11
-678
What is 18a6 (base 11) in base 9?
3273
What is -1004002 (base 6) in base 12?
-